{"id":23,"date":"2018-05-13T11:55:18","date_gmt":"2018-05-13T11:55:18","guid":{"rendered":"http:\/\/www.artemontaje.es\/?page_id=23"},"modified":"2024-11-11T13:27:18","modified_gmt":"2024-11-11T13:27:18","slug":"servicios","status":"publish","type":"page","link":"https:\/\/www.artemontaje.es\/?page_id=23","title":{"rendered":"Servicios"},"content":{"rendered":"<p>[et_pb_section fb_built=\u00bb1&#8243; admin_label=\u00bbContact Section\u00bb _builder_version=\u00bb3.0.89&#8243; use_background_color_gradient=\u00bbon\u00bb background_color_gradient_start=\u00bb#f7f7f7&#8243; background_color_gradient_end=\u00bb#ffffff\u00bb background_color_gradient_direction=\u00bb105deg\u00bb background_color_gradient_start_position=\u00bb65%\u00bb background_color_gradient_end_position=\u00bb65%\u00bb custom_padding=\u00bb0||0||false|false\u00bb][et_pb_row _builder_version=\u00bb3.6&#8243; custom_padding=\u00bb60px|0px|27px|0|false|false\u00bb][et_pb_column type=\u00bb1_4&#8243; _builder_version=\u00bb3.0.47&#8243; parallax=\u00bboff\u00bb parallax_method=\u00bbon\u00bb][et_pb_accordion _builder_version=\u00bb3.6&#8243; background_color=\u00bb#222222&#8243;][et_pb_accordion_item title=\u00bbMontaje E Iluminaci\u00f3n\u00bb open=\u00bboff\u00bb _builder_version=\u00bb3.6&#8243; title_text_shadow_horizontal_length=\u00bb0em\u00bb title_text_shadow_vertical_length=\u00bb0em\u00bb title_text_shadow_blur_strength=\u00bb0em\u00bb body_text_shadow_horizontal_length=\u00bb0em\u00bb body_text_shadow_vertical_length=\u00bb0em\u00bb body_text_shadow_blur_strength=\u00bb0em\u00bb]Todo nuestro personal, con m\u00e1s de quince\u00a0a\u00f1os de experiencia en el montaje de exposiciones de arte, garantiza la mejor instalaci\u00f3n y el cuidado manejo de sus obras, as\u00ed como su correcta iluminaci\u00f3n, tanto en t\u00e9rminos est\u00e9ticos como en los de su proteccion.<br \/>\n[\/et_pb_accordion_item][et_pb_accordion_item open=\u00bbon\u00bb _builder_version=\u00bb3.6&#8243; title_text_shadow_horizontal_length=\u00bb0em\u00bb title_text_shadow_vertical_length=\u00bb0em\u00bb title_text_shadow_blur_strength=\u00bb0em\u00bb body_text_shadow_horizontal_length=\u00bb0em\u00bb body_text_shadow_vertical_length=\u00bb0em\u00bb body_text_shadow_blur_strength=\u00bb0em\u00bb]<img decoding=\"async\" loading=\"lazy\" class=\"wp-image-298 alignnone size-thumbnail\" style=\"display: block; margin-left: auto; margin-right: auto;\" src=\"http:\/\/www.artemontaje.es\/wp-content\/uploads\/2018\/06\/arc_294846_g-150x150.jpg\" alt=\"\" width=\"150\" height=\"150\" \/><br \/>\n[\/et_pb_accordion_item][\/et_pb_accordion][\/et_pb_column][et_pb_column type=\u00bb1_4&#8243; _builder_version=\u00bb3.0.47&#8243; parallax=\u00bboff\u00bb parallax_method=\u00bbon\u00bb][et_pb_accordion _builder_version=\u00bb3.6&#8243; background_color=\u00bb#e09900&#8243;][et_pb_accordion_item title=\u00bbCarpinter\u00eda Y Pintura\u00bb open=\u00bbon\u00bb _builder_version=\u00bb3.6&#8243; title_text_shadow_horizontal_length=\u00bb0em\u00bb title_text_shadow_vertical_length=\u00bb0em\u00bb title_text_shadow_blur_strength=\u00bb0em\u00bb body_text_shadow_horizontal_length=\u00bb0em\u00bb body_text_shadow_vertical_length=\u00bb0em\u00bb body_text_shadow_blur_strength=\u00bb0em\u00bb]Adecuamos el espacio expositivo a las caracter\u00edsticas exigidas por su proyecto mediante la elaboraci\u00f3n de muros temporales, creaci\u00f3n de peanas o vitrinas a medida,\u00a0 y el tratamiento de las paredes, bien sea con pintura, instalaci\u00f3n de vinilos adhesivos, papeles pintados, etc&#8230;<br \/>\n[\/et_pb_accordion_item][et_pb_accordion_item open=\u00bboff\u00bb _builder_version=\u00bb3.6&#8243; title_text_shadow_horizontal_length=\u00bb0em\u00bb title_text_shadow_vertical_length=\u00bb0em\u00bb title_text_shadow_blur_strength=\u00bb0em\u00bb body_text_shadow_horizontal_length=\u00bb0em\u00bb body_text_shadow_vertical_length=\u00bb0em\u00bb body_text_shadow_blur_strength=\u00bb0em\u00bb]<img decoding=\"async\" loading=\"lazy\" class=\"wp-image-299 alignnone size-thumbnail\" style=\"display: block; margin-left: auto; margin-right: auto;\" src=\"http:\/\/www.artemontaje.es\/wp-content\/uploads\/2018\/06\/b0382890bc1278c581ab9a4bc4658d36-150x150.jpg\" alt=\"\" width=\"150\" height=\"150\" \/><br \/>\n[\/et_pb_accordion_item][\/et_pb_accordion][\/et_pb_column][et_pb_column type=\u00bb1_4&#8243; _builder_version=\u00bb3.0.47&#8243; parallax=\u00bboff\u00bb parallax_method=\u00bbon\u00bb][et_pb_accordion _builder_version=\u00bb3.6&#8243; background_color=\u00bb#969696&#8243;][et_pb_accordion_item title=\u00bbEmbalajes Y Transporte\u00bb open=\u00bbon\u00bb _builder_version=\u00bb3.6&#8243; title_text_shadow_horizontal_length=\u00bb0em\u00bb title_text_shadow_vertical_length=\u00bb0em\u00bb title_text_shadow_blur_strength=\u00bb0em\u00bb body_text_shadow_horizontal_length=\u00bb0em\u00bb body_text_shadow_vertical_length=\u00bb0em\u00bb body_text_shadow_blur_strength=\u00bb0em\u00bb]Elaboramos todo tipo de embalajes a medida, desde los confeccionados con film de burbujas, kraft, cart\u00f3n, etc&#8230; hasta la fabricaci\u00f3n de cajas de madera especificas para el transporte de sus obras. As\u00ed mismo, podemos realizar dicho servicio de transporte.<br \/>\n[\/et_pb_accordion_item][et_pb_accordion_item open=\u00bboff\u00bb _builder_version=\u00bb3.6&#8243; title_text_shadow_horizontal_length=\u00bb0em\u00bb title_text_shadow_vertical_length=\u00bb0em\u00bb title_text_shadow_blur_strength=\u00bb0em\u00bb body_text_shadow_horizontal_length=\u00bb0em\u00bb body_text_shadow_vertical_length=\u00bb0em\u00bb body_text_shadow_blur_strength=\u00bb0em\u00bb]<\/p>\n<p style=\"text-align: center;\"><img decoding=\"async\" loading=\"lazy\" class=\"wp-image-300 alignnone size-thumbnail\" src=\"http:\/\/www.artemontaje.es\/wp-content\/uploads\/2018\/06\/0d0a5500-150x150.jpg\" alt=\"\" width=\"150\" height=\"150\" srcset=\"https:\/\/www.artemontaje.es\/wp-content\/uploads\/2018\/06\/0d0a5500-150x150.jpg 150w, https:\/\/www.artemontaje.es\/wp-content\/uploads\/2018\/06\/0d0a5500.jpg 297w\" sizes=\"(max-width: 150px) 100vw, 150px\" \/><\/p>\n<p>[\/et_pb_accordion_item][\/et_pb_accordion][\/et_pb_column][et_pb_column type=\u00bb1_4&#8243; _builder_version=\u00bb3.0.47&#8243; parallax=\u00bboff\u00bb parallax_method=\u00bbon\u00bb][et_pb_accordion _builder_version=\u00bb3.6&#8243; background_color=\u00bb#222222&#8243;][et_pb_accordion_item title=\u00bbIntegral De Exposiciones\u00bb open=\u00bbon\u00bb _builder_version=\u00bb3.6&#8243; title_text_shadow_horizontal_length=\u00bb0em\u00bb title_text_shadow_vertical_length=\u00bb0em\u00bb title_text_shadow_blur_strength=\u00bb0em\u00bb body_text_shadow_horizontal_length=\u00bb0em\u00bb body_text_shadow_vertical_length=\u00bb0em\u00bb body_text_shadow_blur_strength=\u00bb0em\u00bb]<\/p>\n<p>No s\u00f3lo contamos con un equipo con dilatada experiencia en cada uno de los campos, si no que tenemos contacto directo con las mejores empresas\u00a0 de la zona en cada uno de sus sectores, lo que nos convierte realmente en una integral de exposiciones, el \u00fanico contacto que necesitar\u00e1 para realizar su exposici\u00f3n.<\/p>\n<p>[\/et_pb_accordion_item][\/et_pb_accordion][\/et_pb_column][\/et_pb_row][\/et_pb_section]<\/p>\n","protected":false},"excerpt":{"rendered":"<p>[et_pb_section fb_built=\u00bb1&#8243; admin_label=\u00bbContact Section\u00bb _builder_version=\u00bb3.0.89&#8243; use_background_color_gradient=\u00bbon\u00bb background_color_gradient_start=\u00bb#f7f7f7&#8243; background_color_gradient_end=\u00bb#ffffff\u00bb background_color_gradient_direction=\u00bb105deg\u00bb background_color_gradient_start_position=\u00bb65%\u00bb background_color_gradient_end_position=\u00bb65%\u00bb custom_padding=\u00bb0||0||false|false\u00bb][et_pb_row _builder_version=\u00bb3.6&#8243; custom_padding=\u00bb60px|0px|27px|0|false|false\u00bb][et_pb_column type=\u00bb1_4&#8243; _builder_version=\u00bb3.0.47&#8243; parallax=\u00bboff\u00bb parallax_method=\u00bbon\u00bb][et_pb_accordion _builder_version=\u00bb3.6&#8243; background_color=\u00bb#222222&#8243;][et_pb_accordion_item title=\u00bbMontaje E Iluminaci\u00f3n\u00bb open=\u00bboff\u00bb _builder_version=\u00bb3.6&#8243; title_text_shadow_horizontal_length=\u00bb0em\u00bb title_text_shadow_vertical_length=\u00bb0em\u00bb title_text_shadow_blur_strength=\u00bb0em\u00bb body_text_shadow_horizontal_length=\u00bb0em\u00bb body_text_shadow_vertical_length=\u00bb0em\u00bb body_text_shadow_blur_strength=\u00bb0em\u00bb]Todo nuestro personal, con m\u00e1s de quince\u00a0a\u00f1os de experiencia en el montaje de exposiciones de arte, garantiza la mejor instalaci\u00f3n y el cuidado manejo de [&hellip;]<\/p>\n","protected":false},"author":1,"featured_media":0,"parent":0,"menu_order":0,"comment_status":"closed","ping_status":"closed","template":"","meta":[],"_links":{"self":[{"href":"https:\/\/www.artemontaje.es\/index.php?rest_route=\/wp\/v2\/pages\/23"}],"collection":[{"href":"https:\/\/www.artemontaje.es\/index.php?rest_route=\/wp\/v2\/pages"}],"about":[{"href":"https:\/\/www.artemontaje.es\/index.php?rest_route=\/wp\/v2\/types\/page"}],"author":[{"embeddable":true,"href":"https:\/\/www.artemontaje.es\/index.php?rest_route=\/wp\/v2\/users\/1"}],"replies":[{"embeddable":true,"href":"https:\/\/www.artemontaje.es\/index.php?rest_route=%2Fwp%2Fv2%2Fcomments&post=23"}],"version-history":[{"count":15,"href":"https:\/\/www.artemontaje.es\/index.php?rest_route=\/wp\/v2\/pages\/23\/revisions"}],"predecessor-version":[{"id":699,"href":"https:\/\/www.artemontaje.es\/index.php?rest_route=\/wp\/v2\/pages\/23\/revisions\/699"}],"wp:attachment":[{"href":"https:\/\/www.artemontaje.es\/index.php?rest_route=%2Fwp%2Fv2%2Fmedia&parent=23"}],"curies":[{"name":"wp","href":"https:\/\/api.w.org\/{rel}","templated":true}]}}